{"id":489,"date":"2020-10-16T17:41:01","date_gmt":"2020-10-16T15:41:01","guid":{"rendered":"https:\/\/www.grafas.org\/demo01\/?page_id=489"},"modified":"2025-02-04T21:51:51","modified_gmt":"2025-02-04T20:51:51","slug":"o-nas","status":"publish","type":"page","link":"https:\/\/diamond-dream.cz\/?page_id=489","title":{"rendered":"O n\u00e1s"},"content":{"rendered":"\t\t<div data-elementor-type=\"wp-page\" data-elementor-id=\"489\" class=\"elementor elementor-489\">\n\t\t\t\t\t\t<section class=\"elementor-section elementor-top-section elementor-element elementor-element-57c3078d elementor-section-height-min-height elementor-section-items-bottom elementor-section-boxed elementor-section-height-default\" data-id=\"57c3078d\" data-element_type=\"section\" data-e-type=\"section\" data-settings=\"{&quot;background_background&quot;:&quot;classic&quot;}\">\n\t\t\t\t\t\t\t<div class=\"elementor-background-overlay\"><\/div>\n\t\t\t\t\t\t\t<div class=\"elementor-container elementor-column-gap-default\">\n\t\t\t\t\t<div class=\"elementor-column elementor-col-100 elementor-top-column elementor-element elementor-element-38720650\" data-id=\"38720650\" data-element_type=\"column\" data-e-type=\"column\">\n\t\t\t<div class=\"elementor-widget-wrap elementor-element-populated\">\n\t\t\t\t\t\t<div class=\"elementor-element elementor-element-2ce975d8 elementor-widget elementor-widget-heading\" data-id=\"2ce975d8\" data-element_type=\"widget\" data-e-type=\"widget\" data-widget_type=\"heading.default\">\n\t\t\t\t<div class=\"elementor-widget-container\">\n\t\t\t\t\t<h1 class=\"elementor-heading-title elementor-size-default\">O N\u00c1S<\/h1>\t\t\t\t<\/div>\n\t\t\t\t<\/div>\n\t\t\t\t<div class=\"elementor-element elementor-element-622f8b7a elementor-hidden-phone elementor-widget elementor-widget-spacer\" data-id=\"622f8b7a\" data-element_type=\"widget\" data-e-type=\"widget\" data-widget_type=\"spacer.default\">\n\t\t\t\t<div class=\"elementor-widget-container\">\n\t\t\t\t\t\t\t<div class=\"elementor-spacer\">\n\t\t\t<div class=\"elementor-spacer-inner\"><\/div>\n\t\t<\/div>\n\t\t\t\t\t\t<\/div>\n\t\t\t\t<\/div>\n\t\t\t\t\t<\/div>\n\t\t<\/div>\n\t\t\t\t\t<\/div>\n\t\t<\/section>\n\t\t\t\t<section class=\"elementor-section elementor-top-section elementor-element elementor-element-746c8974 elementor-section-boxed elementor-section-height-default elementor-section-height-default\" data-id=\"746c8974\" data-element_type=\"section\" data-e-type=\"section\" data-settings=\"{&quot;background_background&quot;:&quot;classic&quot;}\">\n\t\t\t\t\t\t<div class=\"elementor-container elementor-column-gap-default\">\n\t\t\t\t\t<div class=\"elementor-column elementor-col-50 elementor-top-column elementor-element elementor-element-6c81b98\" data-id=\"6c81b98\" data-element_type=\"column\" data-e-type=\"column\">\n\t\t\t<div class=\"elementor-widget-wrap elementor-element-populated\">\n\t\t\t\t\t\t<div class=\"elementor-element elementor-element-3262e4d elementor-widget elementor-widget-image\" data-id=\"3262e4d\" data-element_type=\"widget\" data-e-type=\"widget\" data-widget_type=\"image.default\">\n\t\t\t\t<div class=\"elementor-widget-container\">\n\t\t\t\t\t\t\t\t\t\t\t\t\t\t\t<img fetchpriority=\"high\" decoding=\"async\" width=\"1024\" height=\"819\" src=\"https:\/\/diamond-dream.cz\/wp-content\/uploads\/2025\/02\/diamond-dream-prsteny-1024x819.jpg\" class=\"attachment-large size-large wp-image-2057\" alt=\"\" srcset=\"https:\/\/diamond-dream.cz\/wp-content\/uploads\/2025\/02\/diamond-dream-prsteny-1024x819.jpg 1024w, https:\/\/diamond-dream.cz\/wp-content\/uploads\/2025\/02\/diamond-dream-prsteny-300x240.jpg 300w, https:\/\/diamond-dream.cz\/wp-content\/uploads\/2025\/02\/diamond-dream-prsteny-768x614.jpg 768w, https:\/\/diamond-dream.cz\/wp-content\/uploads\/2025\/02\/diamond-dream-prsteny.jpg 1500w\" sizes=\"(max-width: 1024px) 100vw, 1024px\" \/>\t\t\t\t\t\t\t\t\t\t\t\t\t\t\t<\/div>\n\t\t\t\t<\/div>\n\t\t\t\t\t<\/div>\n\t\t<\/div>\n\t\t\t\t<div class=\"elementor-column elementor-col-50 elementor-top-column elementor-element elementor-element-d3b97f7\" data-id=\"d3b97f7\" data-element_type=\"column\" data-e-type=\"column\">\n\t\t\t<div class=\"elementor-widget-wrap elementor-element-populated\">\n\t\t\t\t\t\t<div class=\"elementor-element elementor-element-fc52f17 elementor-widget elementor-widget-text-editor\" data-id=\"fc52f17\" data-element_type=\"widget\" data-e-type=\"widget\" data-widget_type=\"text-editor.default\">\n\t\t\t\t<div class=\"elementor-widget-container\">\n\t\t\t\t\t\t\t\t\t<p class=\"p1\">V\u00edtejte na str\u00e1nk\u00e1ch spole\u010dnosti DIAMOND DREAM CZ s.r.o., va\u0161eho spolehliv\u00e9ho partnera ve sv\u011bt\u011b luxusn\u00edch \u0161perk\u016f, diamant\u016f a drah\u00fdch kamen\u016f. Na\u0161\u00edm posl\u00e1n\u00edm je p\u0159in\u00e1\u0161et v\u00e1m jedine\u010dnost, kvalitu a eleganci prost\u0159ednictv\u00edm mistrovsky zpracovan\u00fdch \u0161perk\u016f a investi\u010dn\u00edch p\u0159\u00edle\u017eitost\u00ed.<\/p>\t\t\t\t\t\t\t\t<\/div>\n\t\t\t\t<\/div>\n\t\t\t\t<div class=\"elementor-element elementor-element-9ba9576 elementor-widget elementor-widget-text-editor\" data-id=\"9ba9576\" data-element_type=\"widget\" data-e-type=\"widget\" data-widget_type=\"text-editor.default\">\n\t\t\t\t<div class=\"elementor-widget-container\">\n\t\t\t\t\t\t\t\t\t<p class=\"p1\"><span style=\"background-color: var( --e-global-color-kadence9 ); color: var(--global-palette4);\">Jsme specialist\u00e9 na v\u00fdrobu, velkoobchodn\u00ed i maloobchodn\u00ed prodej diamantov\u00fdch \u0161perk\u016f a \u0161perk\u016f osazen\u00fdch drah\u00fdmi kameny, jako jsou saf\u00edry, rub\u00edny, smaragdy, \u2026\u2026. . Poskytujeme tak\u00e9 mo\u017enost investice do diamant\u016f, zlata a drah\u00fdch kamen\u016f, co\u017e p\u0159edstavuje jistotu a stabilitu v neust\u00e1le se m\u011bn\u00edc\u00edm sv\u011bt\u011b.<\/span><\/p>\t\t\t\t\t\t\t\t<\/div>\n\t\t\t\t<\/div>\n\t\t\t\t\t<\/div>\n\t\t<\/div>\n\t\t\t\t\t<\/div>\n\t\t<\/section>\n\t\t\t\t<section class=\"elementor-section elementor-top-section elementor-element elementor-element-aa55363 elementor-section-boxed elementor-section-height-default elementor-section-height-default\" data-id=\"aa55363\" data-element_type=\"section\" data-e-type=\"section\" data-settings=\"{&quot;background_background&quot;:&quot;classic&quot;}\">\n\t\t\t\t\t\t<div class=\"elementor-container elementor-column-gap-default\">\n\t\t\t\t\t<div class=\"elementor-column elementor-col-100 elementor-top-column elementor-element elementor-element-dd90fbc\" data-id=\"dd90fbc\" data-element_type=\"column\" data-e-type=\"column\">\n\t\t\t<div class=\"elementor-widget-wrap elementor-element-populated\">\n\t\t\t\t\t\t<div class=\"elementor-element elementor-element-96d41dd elementor-widget elementor-widget-text-editor\" data-id=\"96d41dd\" data-element_type=\"widget\" data-e-type=\"widget\" data-widget_type=\"text-editor.default\">\n\t\t\t\t<div class=\"elementor-widget-container\">\n\t\t\t\t\t\t\t\t\t<p class=\"p1\">Pro\u010d zvolit DIAMOND DREAM CZ s.r.o.?<\/p>\t\t\t\t\t\t\t\t<\/div>\n\t\t\t\t<\/div>\n\t\t<div class=\"elementor-element elementor-element-3f6f613 e-grid e-con-boxed e-con e-parent\" data-id=\"3f6f613\" data-element_type=\"container\" data-e-type=\"container\" data-settings=\"{&quot;background_background&quot;:&quot;classic&quot;}\">\n\t\t\t\t\t<div class=\"e-con-inner\">\n\t\t<div class=\"elementor-element elementor-element-dfac280 e-con-full e-flex e-con e-child\" data-id=\"dfac280\" data-element_type=\"container\" data-e-type=\"container\" data-settings=\"{&quot;background_background&quot;:&quot;classic&quot;}\">\n\t\t\t\t<div class=\"elementor-element elementor-element-5aa7a3a elementor-widget elementor-widget-image\" data-id=\"5aa7a3a\" data-element_type=\"widget\" data-e-type=\"widget\" data-widget_type=\"image.default\">\n\t\t\t\t<div class=\"elementor-widget-container\">\n\t\t\t\t\t\t\t\t\t\t\t\t\t\t\t<img decoding=\"async\" width=\"483\" height=\"475\" src=\"https:\/\/diamond-dream.cz\/wp-content\/uploads\/2025\/02\/Datovy-zdroj-3.png\" class=\"attachment-large size-large wp-image-2088\" alt=\"\" srcset=\"https:\/\/diamond-dream.cz\/wp-content\/uploads\/2025\/02\/Datovy-zdroj-3.png 483w, https:\/\/diamond-dream.cz\/wp-content\/uploads\/2025\/02\/Datovy-zdroj-3-300x295.png 300w\" sizes=\"(max-width: 483px) 100vw, 483px\" \/>\t\t\t\t\t\t\t\t\t\t\t\t\t\t\t<\/div>\n\t\t\t\t<\/div>\n\t\t\t\t<div class=\"elementor-element elementor-element-67c716c elementor-widget elementor-widget-heading\" data-id=\"67c716c\" data-element_type=\"widget\" data-e-type=\"widget\" data-widget_type=\"heading.default\">\n\t\t\t\t<div class=\"elementor-widget-container\">\n\t\t\t\t\t<h2 class=\"elementor-heading-title elementor-size-default\">Nejvy\u0161\u0161\u00ed kvalita<\/h2>\t\t\t\t<\/div>\n\t\t\t\t<\/div>\n\t\t\t\t<div class=\"elementor-element elementor-element-9832c1d elementor-widget elementor-widget-text-editor\" data-id=\"9832c1d\" data-element_type=\"widget\" data-e-type=\"widget\" data-widget_type=\"text-editor.default\">\n\t\t\t\t<div class=\"elementor-widget-container\">\n\t\t\t\t\t\t\t\t\t<p>Ka\u017ed\u00fd produkt i investi\u010dn\u00ed diamanty a zlato proch\u00e1zej\u00ed p\u0159\u00edsnou kontrolou kvality a certifikac\u00ed s mezin\u00e1rodn\u00ed platnost\u00ed.<\/p>\t\t\t\t\t\t\t\t<\/div>\n\t\t\t\t<\/div>\n\t\t\t\t<\/div>\n\t\t<div class=\"elementor-element elementor-element-1ef2742 e-con-full e-flex e-con e-child\" data-id=\"1ef2742\" data-element_type=\"container\" data-e-type=\"container\" data-settings=\"{&quot;background_background&quot;:&quot;classic&quot;}\">\n\t\t\t\t<div class=\"elementor-element elementor-element-17bc61c elementor-widget elementor-widget-image\" data-id=\"17bc61c\" data-element_type=\"widget\" data-e-type=\"widget\" data-widget_type=\"image.default\">\n\t\t\t\t<div class=\"elementor-widget-container\">\n\t\t\t\t\t\t\t\t\t\t\t\t\t\t\t<img decoding=\"async\" width=\"675\" height=\"338\" src=\"https:\/\/diamond-dream.cz\/wp-content\/uploads\/2025\/02\/Datovy-zdroj-2-1.png\" class=\"attachment-large size-large wp-image-2087\" alt=\"\" srcset=\"https:\/\/diamond-dream.cz\/wp-content\/uploads\/2025\/02\/Datovy-zdroj-2-1.png 675w, https:\/\/diamond-dream.cz\/wp-content\/uploads\/2025\/02\/Datovy-zdroj-2-1-300x150.png 300w\" sizes=\"(max-width: 675px) 100vw, 675px\" \/>\t\t\t\t\t\t\t\t\t\t\t\t\t\t\t<\/div>\n\t\t\t\t<\/div>\n\t\t\t\t<div class=\"elementor-element elementor-element-bbec816 elementor-widget elementor-widget-heading\" data-id=\"bbec816\" data-element_type=\"widget\" data-e-type=\"widget\" data-widget_type=\"heading.default\">\n\t\t\t\t<div class=\"elementor-widget-container\">\n\t\t\t\t\t<h2 class=\"elementor-heading-title elementor-size-default\">\u0160irok\u00fd sortiment<\/h2>\t\t\t\t<\/div>\n\t\t\t\t<\/div>\n\t\t\t\t<div class=\"elementor-element elementor-element-16ac197 elementor-widget elementor-widget-text-editor\" data-id=\"16ac197\" data-element_type=\"widget\" data-e-type=\"widget\" data-widget_type=\"text-editor.default\">\n\t\t\t\t<div class=\"elementor-widget-container\">\n\t\t\t\t\t\t\t\t\t<p>Nab\u00edz\u00edme \u0161perky s diamanty, drah\u00fdmi kameny i p\u0159\u00edle\u017eitosti k investov\u00e1n\u00ed.<\/p>\t\t\t\t\t\t\t\t<\/div>\n\t\t\t\t<\/div>\n\t\t\t\t<\/div>\n\t\t<div class=\"elementor-element elementor-element-d04933e e-con-full e-flex e-con e-child\" data-id=\"d04933e\" data-element_type=\"container\" data-e-type=\"container\" data-settings=\"{&quot;background_background&quot;:&quot;classic&quot;}\">\n\t\t\t\t<div class=\"elementor-element elementor-element-cc0f8a5 elementor-widget elementor-widget-image\" data-id=\"cc0f8a5\" data-element_type=\"widget\" data-e-type=\"widget\" data-widget_type=\"image.default\">\n\t\t\t\t<div class=\"elementor-widget-container\">\n\t\t\t\t\t\t\t\t\t\t\t\t\t\t\t<img loading=\"lazy\" decoding=\"async\" width=\"507\" height=\"441\" src=\"https:\/\/diamond-dream.cz\/wp-content\/uploads\/2025\/02\/Datovy-zdroj-2.png\" class=\"attachment-large size-large wp-image-2086\" alt=\"\" srcset=\"https:\/\/diamond-dream.cz\/wp-content\/uploads\/2025\/02\/Datovy-zdroj-2.png 507w, https:\/\/diamond-dream.cz\/wp-content\/uploads\/2025\/02\/Datovy-zdroj-2-300x261.png 300w\" sizes=\"(max-width: 507px) 100vw, 507px\" \/>\t\t\t\t\t\t\t\t\t\t\t\t\t\t\t<\/div>\n\t\t\t\t<\/div>\n\t\t\t\t<div class=\"elementor-element elementor-element-fce9dfc elementor-widget elementor-widget-heading\" data-id=\"fce9dfc\" data-element_type=\"widget\" data-e-type=\"widget\" data-widget_type=\"heading.default\">\n\t\t\t\t<div class=\"elementor-widget-container\">\n\t\t\t\t\t<h2 class=\"elementor-heading-title elementor-size-default\">Individu\u00e1ln\u00ed p\u0159\u00edstup<\/h2>\t\t\t\t<\/div>\n\t\t\t\t<\/div>\n\t\t\t\t<div class=\"elementor-element elementor-element-e2753da elementor-widget elementor-widget-text-editor\" data-id=\"e2753da\" data-element_type=\"widget\" data-e-type=\"widget\" data-widget_type=\"text-editor.default\">\n\t\t\t\t<div class=\"elementor-widget-container\">\n\t\t\t\t\t\t\t\t\t<p>Vyr\u00e1b\u00edme \u0161perky na m\u00edru a poskytujeme profesion\u00e1ln\u00ed poradenstv\u00ed v oblasti investic.<\/p>\t\t\t\t\t\t\t\t<\/div>\n\t\t\t\t<\/div>\n\t\t\t\t<\/div>\n\t\t\t\t\t<\/div>\n\t\t\t\t<\/div>\n\t\t\t\t\t<\/div>\n\t\t<\/div>\n\t\t\t\t\t<\/div>\n\t\t<\/section>\n\t\t\t\t<section class=\"elementor-section elementor-top-section elementor-element elementor-element-3d49a2e elementor-section-boxed elementor-section-height-default elementor-section-height-default\" data-id=\"3d49a2e\" data-element_type=\"section\" data-e-type=\"section\" data-settings=\"{&quot;background_background&quot;:&quot;classic&quot;}\">\n\t\t\t\t\t\t<div class=\"elementor-container elementor-column-gap-default\">\n\t\t\t\t\t<div class=\"elementor-column elementor-col-100 elementor-top-column elementor-element elementor-element-330a844\" data-id=\"330a844\" data-element_type=\"column\" data-e-type=\"column\">\n\t\t\t<div class=\"elementor-widget-wrap elementor-element-populated\">\n\t\t\t\t\t\t<div class=\"elementor-element elementor-element-e8f0685 elementor-widget elementor-widget-text-editor\" data-id=\"e8f0685\" data-element_type=\"widget\" data-e-type=\"widget\" data-widget_type=\"text-editor.default\">\n\t\t\t\t<div class=\"elementor-widget-container\">\n\t\t\t\t\t\t\t\t\t<p class=\"p1\">Na\u0161\u00edm c\u00edlem je st\u00e1t se va\u0161\u00edm dlouhodob\u00fdm partnerem ve sv\u011bt\u011b luxusu a presti\u017ee. A\u0165 u\u017e hled\u00e1te dokonal\u00fd \u0161perk, nebo spolehlivou investici, DIAMOND DREAM CZ s.r.o. je zde pro v\u00e1s.<\/p>\t\t\t\t\t\t\t\t<\/div>\n\t\t\t\t<\/div>\n\t\t\t\t\t<\/div>\n\t\t<\/div>\n\t\t\t\t\t<\/div>\n\t\t<\/section>\n\t\t\t\t<section class=\"elementor-section elementor-top-section elementor-element elementor-element-7456ee7 elementor-section-boxed elementor-section-height-default elementor-section-height-default\" data-id=\"7456ee7\" data-element_type=\"section\" data-e-type=\"section\" data-settings=\"{&quot;background_background&quot;:&quot;classic&quot;}\">\n\t\t\t\t\t\t\t<div class=\"elementor-background-overlay\"><\/div>\n\t\t\t\t\t\t\t<div class=\"elementor-container elementor-column-gap-default\">\n\t\t\t\t\t<div class=\"elementor-column elementor-col-33 elementor-top-column elementor-element elementor-element-2aea973 elementor-hidden-phone\" data-id=\"2aea973\" data-element_type=\"column\" data-e-type=\"column\">\n\t\t\t<div class=\"elementor-widget-wrap\">\n\t\t\t\t\t\t\t<\/div>\n\t\t<\/div>\n\t\t\t\t<div class=\"elementor-column elementor-col-33 elementor-top-column elementor-element elementor-element-23192af\" data-id=\"23192af\" data-element_type=\"column\" data-e-type=\"column\">\n\t\t\t<div class=\"elementor-widget-wrap elementor-element-populated\">\n\t\t\t\t\t\t<div class=\"elementor-element elementor-element-d2c1dfb elementor-widget elementor-widget-heading\" data-id=\"d2c1dfb\" data-element_type=\"widget\" data-e-type=\"widget\" data-widget_type=\"heading.default\">\n\t\t\t\t<div class=\"elementor-widget-container\">\n\t\t\t\t\t<h6 class=\"elementor-heading-title elementor-size-default\">Exkluzivn\u00ed kolekce  \u0161perk\u016f<\/h6>\t\t\t\t<\/div>\n\t\t\t\t<\/div>\n\t\t\t\t<div class=\"elementor-element elementor-element-4a1a097 elementor-widget elementor-widget-heading\" data-id=\"4a1a097\" data-element_type=\"widget\" data-e-type=\"widget\" data-widget_type=\"heading.default\">\n\t\t\t\t<div class=\"elementor-widget-container\">\n\t\t\t\t\t<h2 class=\"elementor-heading-title elementor-size-default\">Prohl\u00e9dn\u011bte si na\u0161i nab\u00eddku<\/h2>\t\t\t\t<\/div>\n\t\t\t\t<\/div>\n\t\t\t\t<div class=\"elementor-element elementor-element-b6a4965 elementor-widget elementor-widget-text-editor\" data-id=\"b6a4965\" data-element_type=\"widget\" data-e-type=\"widget\" data-widget_type=\"text-editor.default\">\n\t\t\t\t<div class=\"elementor-widget-container\">\n\t\t\t\t\t\t\t\t\t<p>N\u00e1\u0161 v\u00fdb\u011br kamen\u016f a \u0161perk\u016f v\u00e1m p\u0159inese neopakovateln\u00fd luxus a kr\u00e1su. Zanechte nezapomenuteln\u00fd dojem s na\u0161imi jedine\u010dn\u00fdmi \u0161perky<\/p>\t\t\t\t\t\t\t\t<\/div>\n\t\t\t\t<\/div>\n\t\t\t\t<div class=\"elementor-element elementor-element-01f7adf elementor-align-center elementor-invisible elementor-widget elementor-widget-button\" data-id=\"01f7adf\" data-element_type=\"widget\" data-e-type=\"widget\" data-settings=\"{&quot;_animation&quot;:&quot;fadeInUp&quot;,&quot;_animation_delay&quot;:0}\" data-widget_type=\"button.default\">\n\t\t\t\t<div class=\"elementor-widget-container\">\n\t\t\t\t\t\t\t\t\t<div class=\"elementor-button-wrapper\">\n\t\t\t\t\t<a class=\"elementor-button elementor-button-link elementor-size-sm\" href=\"https:\/\/gembox.app\/catalog\/MJH3KRcJ0Y\" target=\"_blank\">\n\t\t\t\t\t\t<span class=\"elementor-button-content-wrapper\">\n\t\t\t\t\t\t\t\t\t<span class=\"elementor-button-text\">Katalog produkt\u016f<\/span>\n\t\t\t\t\t<\/span>\n\t\t\t\t\t<\/a>\n\t\t\t\t<\/div>\n\t\t\t\t\t\t\t\t<\/div>\n\t\t\t\t<\/div>\n\t\t\t\t\t<\/div>\n\t\t<\/div>\n\t\t\t\t<div class=\"elementor-column elementor-col-33 elementor-top-column elementor-element elementor-element-bbb5561 elementor-hidden-tablet elementor-hidden-phone\" data-id=\"bbb5561\" data-element_type=\"column\" data-e-type=\"column\">\n\t\t\t<div class=\"elementor-widget-wrap\">\n\t\t\t\t\t\t\t<\/div>\n\t\t<\/div>\n\t\t\t\t\t<\/div>\n\t\t<\/section>\n\t\t\t\t<\/div>\n\t\t","protected":false},"excerpt":{"rendered":"<p>O N\u00c1S V\u00edtejte na str\u00e1nk\u00e1ch spole\u010dnosti DIAMOND DREAM CZ s.r.o., va\u0161eho spolehliv\u00e9ho partnera ve sv\u011bt\u011b luxusn\u00edch \u0161perk\u016f, diamant\u016f a drah\u00fdch kamen\u016f. Na\u0161\u00edm posl\u00e1n\u00edm je p\u0159in\u00e1\u0161et v\u00e1m jedine\u010dnost, kvalitu a eleganci prost\u0159ednictv\u00edm mistrovsky zpracovan\u00fdch \u0161perk\u016f a investi\u010dn\u00edch p\u0159\u00edle\u017eitost\u00ed. Jsme specialist\u00e9 na v\u00fdrobu, velkoobchodn\u00ed i maloobchodn\u00ed prodej diamantov\u00fdch \u0161perk\u016f a \u0161perk\u016f osazen\u00fdch drah\u00fdmi kameny, jako jsou saf\u00edry,&#8230;<\/p>\n","protected":false},"author":1,"featured_media":0,"parent":0,"menu_order":0,"comment_status":"closed","ping_status":"closed","template":"elementor_header_footer","meta":{"_kadence_starter_templates_imported_post":true,"_kad_post_transparent":"","_kad_post_title":"hide","_kad_post_layout":"normal","_kad_post_sidebar_id":"","_kad_post_content_style":"unboxed","_kad_post_vertical_padding":"hide","_kad_post_feature":"hide","_kad_post_feature_position":"","_kad_post_header":false,"_kad_post_footer":false,"_kad_post_classname":"","footnotes":""},"class_list":["post-489","page","type-page","status-publish","hentry"],"_links":{"self":[{"href":"https:\/\/diamond-dream.cz\/index.php?rest_route=\/wp\/v2\/pages\/489","targetHints":{"allow":["GET"]}}],"collection":[{"href":"https:\/\/diamond-dream.cz\/index.php?rest_route=\/wp\/v2\/pages"}],"about":[{"href":"https:\/\/diamond-dream.cz\/index.php?rest_route=\/wp\/v2\/types\/page"}],"author":[{"embeddable":true,"href":"https:\/\/diamond-dream.cz\/index.php?rest_route=\/wp\/v2\/users\/1"}],"replies":[{"embeddable":true,"href":"https:\/\/diamond-dream.cz\/index.php?rest_route=%2Fwp%2Fv2%2Fcomments&post=489"}],"version-history":[{"count":256,"href":"https:\/\/diamond-dream.cz\/index.php?rest_route=\/wp\/v2\/pages\/489\/revisions"}],"predecessor-version":[{"id":2220,"href":"https:\/\/diamond-dream.cz\/index.php?rest_route=\/wp\/v2\/pages\/489\/revisions\/2220"}],"wp:attachment":[{"href":"https:\/\/diamond-dream.cz\/index.php?rest_route=%2Fwp%2Fv2%2Fmedia&parent=489"}],"curies":[{"name":"wp","href":"https:\/\/api.w.org\/{rel}","templated":true}]}}